{"id":415,"date":"2023-09-21T18:06:23","date_gmt":"2023-09-21T18:06:23","guid":{"rendered":"https:\/\/wattlublin.com\/?page_id=415"},"modified":"2023-09-26T12:05:00","modified_gmt":"2023-09-26T12:05:00","slug":"cennik","status":"publish","type":"page","link":"https:\/\/wattlublin.com\/index.php\/cennik\/","title":{"rendered":"Cennik"},"content":{"rendered":"\t\t<div data-elementor-type=\"wp-page\" data-elementor-id=\"415\" class=\"elementor elementor-415\">\n\t\t\t\t\t\t<section class=\"elementor-section elementor-top-section elementor-element elementor-element-18bd61fb elementor-section-boxed elementor-section-height-default elementor-section-height-default\" data-id=\"18bd61fb\" data-element_type=\"section\">\n\t\t\t\t\t\t<div class=\"elementor-container elementor-column-gap-default\">\n\t\t\t\t\t<div class=\"elementor-column elementor-col-100 elementor-top-column elementor-element elementor-element-15dfeec3\" data-id=\"15dfeec3\" data-element_type=\"column\">\n\t\t\t<div class=\"elementor-widget-wrap elementor-element-populated\">\n\t\t\t\t\t\t<div class=\"elementor-element elementor-element-af17a72 elementor-widget elementor-widget-heading\" data-id=\"af17a72\" data-element_type=\"widget\" data-widget_type=\"heading.default\">\n\t\t\t\t<div class=\"elementor-widget-container\">\n\t\t\t\t\t<h1 class=\"elementor-heading-title elementor-size-xl\">CENNIK ELEKTRYK WATT LUBLIN 2023<\/h1>\t\t\t\t<\/div>\n\t\t\t\t<\/div>\n\t\t\t\t<div class=\"elementor-element elementor-element-8748cf7 elementor-widget elementor-widget-text-editor\" data-id=\"8748cf7\" data-element_type=\"widget\" data-widget_type=\"text-editor.default\">\n\t\t\t\t<div class=\"elementor-widget-container\">\n\t\t\t\t\t\t\t\t\t<p><\/p>\n<p>\u00a0<\/p>\n<table>\n<tbody>\n<tr>\n<td class=\"has-text-align-center\" data-align=\"center\">\n<h3><b>Usuwanie awarii w prywatnych domach i mieszkaniach:\u00a0<\/b><\/h3>\n<p>Podstawowa cena usuni\u0119cia usterki za pierwsz\u0105 rozpocz\u0119t\u0105 roboczogodzin\u0119 wynosi 120 z\u0142. Ka\u017cda nast\u0119pna 100 z\u0142.\u00a0\u00a0<\/p>\n<p>Minimalna cena us\u0142ugi wraz z dojazdem (Lublin) to 150 z\u0142.<\/p>\n<p>Je\u015bli zdarzy si\u0119 , \u017ce awaria b\u0119dzie wymaga\u0142a wi\u0119kszych nak\u0142ad\u00f3w pracy np. takich jak: wymiana uszkodzonych przewod\u00f3w, gniazd wtykowych, prze\u0142\u0105cznik\u00f3w\/w\u0142\u0105cznik\u00f3w, nadpalonych bezpiecznik\u00f3w\/modu\u0142\u00f3w lub innych element\u00f3w instalacji elektrycznej, to po wykonanej diagnozie cena zostanie uzgodniona z klientem na miejscu.<\/p>\n<p><b>Dojazd do Klienta na awari\u0119: <\/b><br \/>Teren Lublina 50 z\u0142<br \/>Inny obszar:\u00a0 do uzgodnienia<\/p>\n<h3><b>MONTA\u017b OSPRZ\u0118TU PUNKT\u00d3W INSTALACJI ELEKTRYCZNEJ I TELETECHNICZNEJ (BEZ MATERIA\u0141\u00d3W)<\/b><\/h3>\n<p>Pod\u0142\u0105czenie p\u0142yty indukcyjnej ,kuchni elektrycznej \/1 szt.: 150,00 z\u0142<\/p>\n<p>Pod\u0142\u0105czenie piekarnika: od 50 z\u0142<\/p>\n<p>Monta\u017c gniazda wtykowego 1-fazowego \/1 szt.: 20-30 z\u0142<\/p>\n<p>Monta\u017c gniazda wtykowego 3-fazowego \/1 szt.: 50-90 z\u0142<\/p>\n<p>Monta\u017c w\u0142\u0105cznika lub prze\u0142\u0105cznika o\u015bwietlenia \/1 szt.: 20-30 z\u0142<\/p>\n<p>Monta\u017c w\u0142\u0105cznik\u00f3w schodowych lub krzy\u017cowych \/1 szt.: 20-40 z\u0142<\/p>\n<p>Monta\u017c gniazd antenowych i telewizyjnych RTV \/1 szt.: 20-40 z\u0142<\/p>\n<p>Monta\u017c aparatu wideofonu i domofonu \/1 szt.: od 300 z\u0142<\/p>\n<p>Monta\u017c gniazda komputerowego typu RJ-45 \/1 szt.: 20-40 z\u0142<\/p>\n<p>Monta\u017c gniazda audio \/1 szt.: 20-40 z\u0142<\/p>\n<p>Monta\u017c zasilacza o\u015bwietlenia 230\/12V \/1 szt.: 30-60 z\u0142<\/p>\n<p>Monta\u017c o\u015bwietlenia kinkiet , plafoniera ,\u017cyrandol, oprawa \u015bwietl\u00f3wkowa \/1 szt.: od 50 z\u0142<\/p>\n<p>Monta\u017c halogen\u00f3w o\u015bwietleniowych 12V\/230V z wyci\u0119ciem otworu lub bez \/1 szt.: od 40 z\u0142<\/p>\n<p>Monta\u017c czujnika ruchu \/1 szt.: od 50 z\u0142<\/p>\n<p>Monta\u017c dotykowego w\u0142\u0105cznika element\u00f3w o\u015bwietlenia \/1 szt.: od 60 z\u0142<\/p>\n<p>Monta\u017c r\u0119cznego \u015bciemniacza o\u015bwietlenia \/1 szt.: od 60 z\u0142<\/p>\n<p>Monta\u017c zewn\u0119trznych element\u00f3w o\u015bwietlenia \/1 szt.: od 50 z\u0142<\/p>\n<p>Monta\u017c wentylatora \u0142azienkowego: od 100 z\u0142<\/p>\n<h3><b><span style=\"font-size: 0.9em; color: var( --e-global-color-text ); font-family: var( --e-global-typography-text-font-family ), Sans-serif; font-style: var( --e-global-typography-text-font-style ); letter-spacing: var( --e-global-typography-text-letter-spacing ); text-transform: var( --e-global-typography-text-text-transform );\">MONTA\u017b\u00a0\u00a0 ROZDZIELNIC I APARAT\u00d3W (BEZ MATERIA\u0141U)<\/span><br \/><\/b><\/h3>\n<p><span style=\"font-size: 0.9em; color: var( --e-global-color-text ); font-family: var( --e-global-typography-text-font-family ), Sans-serif; font-style: var( --e-global-typography-text-font-style ); font-weight: var( --e-global-typography-text-font-weight ); letter-spacing: var( --e-global-typography-text-letter-spacing ); text-transform: var( --e-global-typography-text-text-transform );\">Instalacja aparat\u00f3w w rozdzielnicy 12\/24 modu\u0142y: <\/span><span style=\"font-size: 0.9em; color: var( --e-global-color-text ); font-family: var( --e-global-typography-text-font-family ), Sans-serif; font-style: var( --e-global-typography-text-font-style ); font-weight: var( --e-global-typography-text-font-weight ); letter-spacing: var( --e-global-typography-text-letter-spacing ); text-transform: var( --e-global-typography-text-text-transform );\">500-800 z\u0142<\/span><\/p>\n<p>Instalacja aparat\u00f3w w rozdzielnicy 36\/48 modu\u0142y: od 800 z\u0142<\/p>\n<p>Instalacja aparat\u00f3w w rozdzielnicy 56\/104 modu\u0142y: od 1400 z\u0142<\/p>\n<p>Monta\u017c samej skrzynki rozdzielnicy od 8 do 104 modu\u0142\u00f3w n\/t p\/t: od 250 z\u0142<\/p>\n<p>Pod\u0142\u0105czenie rozdzielnicy do instalacji 230\/400 V: od 250 z\u0142<\/p>\n<p>Podpi\u0119cie listwy szeregowej np. ZUG-a \/1 szt.: od 40 z\u0142<\/p>\n<h3><b>MONTA\u017b POSZCZEG\u00d3LNYCH APARAT\u00d3W W ROZDZIELNICACH (BEZ MATERIA\u0141U)<\/b><\/h3>\n<p>Monta\u017c\/wymiana bezpiecznika nadmiarowopr\u0105dowego\u00a0\u00a0 jednofazowego automatycznego \/1 szt.: od 40 z\u0142<\/p>\n<p>Monta\u017c\/wymiana bezpiecznika nadmiarowopr\u0105dowego 3 fazowego automatycznego \/1 szt.: 100-250 z\u0142<\/p>\n<p>Monta\u017c\/wymiana zabezpieczenia r\u00f3\u017cnicowopr\u0105dowego 1 fazowego do 40 A \/1 szt.: 70-160 z\u0142<\/p>\n<p>Monta\u017c\/wymiana zabezpieczenia r\u00f3\u017cnicowopr\u0105dowego 3 fazowego do 63 A \/1 szt.: 250,00 z\u0142<\/p>\n<p>Monta\u017c\/wymiana roz\u0142\u0105cznika izolacyjnego typu FR 1 faz do 40 A \/1 szt.: 50-80 z\u0142<\/p>\n<p>Monta\u017c\/wymiana roz\u0142\u0105cznika izolzcyjnego typu FR 3 faz do 100 A\u00a0 \/1 szt.: 100-250 z\u0142<\/p>\n<p>Monta\u017c\/wymiana lampek kontroli pracy-napi\u0119cia \/1 szt.: 50-150 z\u0142<\/p>\n<p>Monta\u017c podstawowych element\u00f3w sterowania ( stycznik, przek\u017anik, w\u0142\u0105cznik impulsowy, zegary czasowe): 120-500 z\u0142<\/p>\n<p>Monta\u017c dzwonka elektrycznego \/1 szt.: 150,00 z\u0142<\/p>\n<p>Monta\u017c\/wymiana\u00a0\u00a0 roz\u0142\u0105cznik\u00f3w bezpiecznikowych \/1 szt.: 100-250 z\u0142<\/p>\n<p>Monta\u017c\/wymiana ogranicznika przepi\u0119\u0107 \/1 modu\u0142: 80,00 z\u0142<\/p>\n<p>Monta\u017c\/wymiana ogranicznika przepi\u0119\u0107 3 fazy \/1 szt.: 100-250 z\u0142<\/p>\n<p>Monta\u017c podstawy bezpiecznika mocy BM \/1 szt.: od 200 z\u0142<\/p>\n<p>Monta\u017c listwy rozdzielczej 3 fazy: od 200 z\u0142<\/p>\n<h3><b>WYKONANIE NATYNKOWYCH TRAS KABLOWYCH W RURKACH PCV\/KORYTKACH PCV\/METAL (BEZ MATERIA\u0141U)<\/b><\/h3>\n<p>U\u0142o\u017cenie kabla w korytku metalowym (do 150&#215;50) na wieszakach \u015bciennych lub sufitowych do wysoko\u015bci 3m \/1 mb: od 70 z\u0142<\/p>\n<p>U\u0142o\u017cenie kabla w korytku PCV (do 100&#215;50) na \u015bcianie do wysoko\u015bci 3m \/1 mb: od 35 z\u0142<\/p>\n<p>U\u0142o\u017cenie kabla w rurce PCV do \u00d828mm do wysoko\u015bci 3m \/1 mb: od 35 z\u0142<\/p>\n<p>U\u0142o\u017cenie kabla w rurze os\u0142onowej karbowanej ( peszel \/ arot ) do \u00d850mm \/1 mb: od 25 z\u0142<\/p>\n<h3><b>BADANIA \/\u00a0 POMIARY INSTALACJI ELEKTRYCZNEJ<\/b><\/h3>\n<p>Badanie okresowe i przegl\u0105d instalacji elektrycznej mieszkania wraz z dokumentacj\u0105: od 500 z\u0142<\/p>\n<p>Badanie okresowe i przegl\u0105d instalacji elektrycznej domu jednorodzinnego wraz z dokumentacj\u0105: od 700 z\u0142<\/p>\n<p>Badanie okresowe i przegl\u0105d instalacji elektrycznej lokalu komercyjnego wraz z dokumentacj\u0105: od 500 z\u0142<\/p>\n<p>Cennik ma charakter informacyjny (orientacyjny) i nie stanowi oferty handlowej wg. Kodeksu Cywilnego.\u00a0 Na ostateczny koszt us\u0142ugi ma wp\u0142yw wiele czynnik\u00f3w, dlatego w celu dok\u0142adnej wyceny niezb\u0119dny jest kontakt.<\/p>\n<\/td>\n<\/tr>\n<\/tbody>\n<\/table>\n<p><\/p>\t\t\t\t\t\t\t\t<\/div>\n\t\t\t\t<\/div>\n\t\t\t\t\t<\/div>\n\t\t<\/div>\n\t\t\t\t\t<\/div>\n\t\t<\/section>\n\t\t\t\t<\/div>\n\t\t","protected":false},"excerpt":{"rendered":"<p>CENNIK ELEKTRYK WATT LUBLIN 2023 \u00a0 Usuwanie awarii w prywatnych domach i mieszkaniach:\u00a0 Podstawowa cena usuni\u0119cia usterki za pierwsz\u0105 rozpocz\u0119t\u0105 roboczogodzin\u0119 wynosi 120 z\u0142. Ka\u017cda nast\u0119pna 100 z\u0142.\u00a0\u00a0 Minimalna cena us\u0142ugi wraz z dojazdem (Lublin) to 150 z\u0142. Je\u015bli zdarzy si\u0119 , \u017ce awaria b\u0119dzie wymaga\u0142a wi\u0119kszych nak\u0142ad\u00f3w pracy np. takich jak: wymiana uszkodzonych przewod\u00f3w, [&hellip;]<\/p>\n","protected":false},"author":1,"featured_media":0,"parent":0,"menu_order":0,"comment_status":"closed","ping_status":"closed","template":"elementor_header_footer","meta":{"footnotes":""},"_links":{"self":[{"href":"https:\/\/wattlublin.com\/index.php\/wp-json\/wp\/v2\/pages\/415"}],"collection":[{"href":"https:\/\/wattlublin.com\/index.php\/wp-json\/wp\/v2\/pages"}],"about":[{"href":"https:\/\/wattlublin.com\/index.php\/wp-json\/wp\/v2\/types\/page"}],"author":[{"embeddable":true,"href":"https:\/\/wattlublin.com\/index.php\/wp-json\/wp\/v2\/users\/1"}],"replies":[{"embeddable":true,"href":"https:\/\/wattlublin.com\/index.php\/wp-json\/wp\/v2\/comments?post=415"}],"version-history":[{"count":41,"href":"https:\/\/wattlublin.com\/index.php\/wp-json\/wp\/v2\/pages\/415\/revisions"}],"predecessor-version":[{"id":458,"href":"https:\/\/wattlublin.com\/index.php\/wp-json\/wp\/v2\/pages\/415\/revisions\/458"}],"wp:attachment":[{"href":"https:\/\/wattlublin.com\/index.php\/wp-json\/wp\/v2\/media?parent=415"}],"curies":[{"name":"wp","href":"https:\/\/api.w.org\/{rel}","templated":true}]}}